**2 + 24*c - 87. Let z be g(20). Determine q(z).
-19
Suppose -c - 5 = -2*c. Suppose 4*k + 8 = 0, -12 + 2 = c*g - 5*k. Let h(r) = -5*r + 182. Let z(n) = -2*n + 68. Let q(s) = 3*h(s) - 8*z(s). Calculate q(g).
-2
Let c(z) = 7*z**3 + 2*z**2 - z - 8. Let y(l) = -5*l**3 - 3*l**2 + 2*l + 7. Let b(i) = -3*c(i) - 4*y(i). Determine b(5).
-4
Let t(h) = h + 10. Let l(j) = -j**3 - 8*j**2 + 6*j + 36. Let y be l(-8). Give t(y).
-2
Suppose 2*x - 3*a = 3, -4*x + 4*a + 7 = -a. Suppose -v - v = 5*k - 1, x*v = 5*k - 11. Let q(j) = 4*j**3 + j**2. What is q(k)?
5
Let o = 28 - 20. Suppose -4*a + o + 8 = 0. Suppose -22 = 4*n - b, 0*b + 24 = -a*n + 2*b. Let d(s) = 2*s + 4. Give d(n).
-6
Let a(h) = -3*h**2 + 3*h + 4. Let w be (-142)/5 - ((-4)/(-5))/(-2). Let f = 31 + w. What is a(f)?
-14
Suppose -66 = k - 69. Let b(m) = -m**2 + 2*m + 4. Determine b(k).
1
Let g(v) = v**2 - v - 4. Let n(z) be the second derivative of -z**3/6 - 18*z. Let o(j) = -g(j) - 2*n(j). Give o(5).
-6
Let b = -9 + 16. Suppose -z + 20 = 3*z, 0 = -3*a + 2*z - b. Suppose -5 + a = g - 2*w, 26 = -4*g - 2*w. Let p(h) = h**3 + 5*h**2 - 5*h + 1. Calculate p(g).
-5
Let i(t) = 27 + 4 + 6*t - 5 + 5. Calculate i(-5).
1
Let p = 22 + -17. Let i(n) = 5*n - 26. Let f be i(p). Let m(l) = -3*l - 1. Give m(f).
2
Let a(j) = -4*j**3 - j**2 + 6*j - 3. Let p(d) = -3*d**3 + d**2 + 7*d - 4. Let b(z) = -2*a(z) + 3*p(z). Give b(6).
12
Let j(w) = -5*w**3 - 7*w**2 + 14*w + 11. Let l(x) = -6*x**3 - 7*x**2 + 15*x + 12. Let f = -38 - -34. Let i(t) = f*l(t) + 5*j(t). Determine i(-8).
-9
Let g be (0*2/4)/2. Let t = g - 0. Let k be t + -1 + -2 + -2. Let a(s) = -s**3 - 4*s**2 + 6*s. Give a(k).
-5
Let l(s) = 440*s**2 - 11 + 5*s + 432*s**2 - 1302*s**2 + 432*s**2. Determine l(-5).
14
Let b(z) = 2*z**2 + 14*z + 25. Let k be b(-2). Suppose -3*y - 4 - 2 = 3*j, -k*j - 2 = -3*y. Let m(o) = -7*o**3. What is m(y)?
7
Suppose -4*k + 24 = i - 6*i, 0 = -i - 2*k - 2. Let c(y) = 4*y + 46 - 23 + 2*y**2 + 2*y - 22. Give c(i).
9
Let u be 6/((-9)/138*-2). Let s = u + -47. Let x(n) = 6*n + 1. Determine x(s).
-5
Suppose 0 = 13*i - 12*i - 1. Suppose 20 = -5*s + 3*o, 2*s - 3*o - 2 + i = 0. Let q(t) = -4*t - 10. Calculate q(s).
18
Let h(g) = 2*g + 3. Suppose -3*a - 3 = -6*a. Let p be -1*(a - (0 - 1)). Give h(p).
-1
Let q(z) = 2*z**3 - z**2 + z - 1. Let p(u) = -u**3 - 6*u**2 - 57*u - 341. Let n be p(-6). Give q(n).
1
Let l(k) = -k**2 + k - 2. Let o = -6 + 6. Let p = o + -2. Let t be p/((-16)/(-4))*0. Determine l(t).
-2
Let i(g) = g - 1. Suppose 0 = -10*c + 17 - 7. Suppose 6 = n - c. Calculate i(n).
6
Let i(g) = -2*g + 10*g**3 - 3 - 4*g - 7*g**2 + 16*g**3 - 27*g**3. Calculate i(-4).
-27
Let o = -49 - -30. Let n be o/3 - 3/(-9). Let t(w) = 9 - w**2 - 7*w**2 + 3*w + 4*w + 9*w**2. Determine t(n).
3
Let y be 4*(1 + 3/(-6)). Suppose 0*p - p = 5*f - 1, -y*p - 3*f + 2 = 0. Let h(d) = -2*d**2 + 1. Determine h(p).
-1
Let f = 0 - 5. Let a(p) = -p - 6. Let i(v) = 3*v + 18. Let t(w) = -11*a(w) - 4*i(w). Give t(f).
-1
Let q(z) = -2*z**2 - z - 1. Let n = 28 + 6. Suppose n = -10*x + 12*x. Let m = 16 - x. Give q(m).
-2
Let b = -1696 - -1711. Let j(y) = -y**2 + 17*y - 18. Calculate j(b).
12
Let s(g) be the second derivative of -g**6/360 - g**4/24 + 2*g**3/3 + 4*g. Let v(r) be the second derivative of s(r). Suppose 0 = 5*w - 4*w + 1. What is v(w)?
-2
Let d(f) be the first derivative of 0*f**3 - f - 25/4*f**4 + 0*f**2 + 15. Determine d(-1).
24
Let x = -13 - -15. Suppose -2*b = x*b - 4. Let h be -3 - 0/(b - 3). Let p(w) = w**2 + 3*w - 4. Calculate p(h).
-4
Let s(o) = -o**2 + 5*o - 3. Let j be s(2). Suppose 3*n = -j*f + 15, -n + 0*f = 3*f - 11. Let r(w) = 0*w - n*w + 2 + w**2 + 0. What is r(4)?
10
Let g(v) = v**2 + 4*v - 7. Let w be g(-5). Suppose -6 = 5*p - 16. Let o(c) = -4 - 2*c**3 - 1 - 2*c**p + 4 - 4*c + 2*c. Determine o(w).
11
Let j = -152 - -150. Let a(z) = 9*z**2 + 5*z + 2. Calculate a(j).
28
Let k(y) = -y - 1. Let s be 56 + (-8 + 2)/3. Let m be s/(-36) - (-11)/2. Let f be (-2)/m*-2 + 4. Determine k(f).
-6
Suppose -14*n = -15*n - 4. Let b(c) be the third derivative of c**5/60 + c**4/24 + c**3/2 + 4*c**2. Let s(j) be the first derivative of b(j). Calculate s(n).
-7
Let w be (-170)/(-17) + 0 + -4. Let y(k) be the third derivative of -w*k**2 + 1/2*k**3 - 1/120*k**6 + 0*k - 1/8*k**4 + 1/60*k**5 + 0. Calculate y(2).
-7
Let u(t) = -77 - 81 + 330 - 78 + t - 84. Calculate u(8).
18
Let w(h) be the second derivative of -h**5/30 + h**4/8 - 7*h**3/3 + 11*h. Let s(a) be the second derivative of w(a). Determine s(4).
-13
Let r(b) = -18*b**2 + 7*b - 17. Let s(v) = -11*v**2 + 4*v - 9. Let x(a) = 3*r(a) - 5*s(a). What is x(4)?
14
Let m(g) = -g**3 - 7*g**2 - 11*g - 37. Let o be m(-6). Let s(b) = b**2 + 6*b - 6. Determine s(o).
1
Let n(c) = -2*c**2 + 8*c + 6. Suppose -1 = -4*q + m + 10, -4*q - 4 = 4*m. Suppose 4*y - 5*r - 13 = 1, 3*y - q*r = 14. Calculate n(y).
-18
Let r(i) be the second derivative of -i**4/12 + i**3/6 + 3*i**2/2 + i. Let t = 59 - 56. Let m be (0*(-3)/9*t)/(-2). Calculate r(m).
3
Let n(f) = -f**3 + 8*f**2 - f - 1. Suppose -292*z + 285*z + 56 = 0. What is n(z)?
-9
Let o(w) be the first derivative of w**3/3 + 11*w**2/2 + 6*w + 56. Determine o(-11).
6
Let q(u) = 55*u - 3. Let w(y) = -7*y. Let s(p) = -q(p) - 8*w(p). Let o be 1/(5/(-3) - -2). Determine s(o).
6
Let h(f) = 4*f**3 - 5*f**2 + 2*f + 4. Let g(u) = -9*u**3 + 11*u**2 - 5*u - 9. Let q(j) = -3*g(j) - 7*h(j). Give q(2).
1
Let m(f) be the third derivative of f**5/60 + 3*f**4/8 + 5*f**3/3 - 653*f**2. Determine m(-7).
-4
Let l = -16 + 21. Suppose -2*x + b = -25 + 6, -22 = -3*x - l*b. Let j(z) = z - 14. Give j(x).
-5
Let s(c) = -c**2 - 13*c - 42. Let u be s(-8). Let w(h) = 3*h**2 + 3*h. Give w(u).
6
Let p(t) = -t + 1. Suppose y = -2*y + 3. Let q be p(y). Let l(m) = -m - 4. Give l(q).
-4
Suppose 3*t - 6 = t. Let h(o) = -5*o - 15. Let v(n) = -n - 2. Let u(p) = -h(p) + 6*v(p). Determine u(t).
0
Suppose -1 = 2*l - 7. Let x(b) = 12*b**2 - b - l*b**3 + 8*b**2 - 22*b**2. Determine x(-2).
18
Let a(s) be the first derivative of 3*s**2/2 + 6*s + 2. Let c be (4 - (-2)/2)*-4. Let g be (c - -8)*1/3. Calculate a(g).
-6
Let y(i) = i + 1. Let a = 21 + -9. Suppose 3*l = -j - a, 0 = 4*l - 2*l + 4. Give y(j).
-5
Let d be (-1)/2*12/(-2). Suppose -h = -d*r + 3, r - 6*r + 19 = 3*h. Let n(w) = 0*w + 2*w + 12*w - 7*w. Calculate n(r).
14
Suppose 4*n - 3*n - 8 = 2*v, 3*v = 5*n - 12. Let k(b) be the second derivative of n - 1/12*b**4 - 7/6*b**3 - 4*b**2 - 3*b. Give k(-6).
-2
Let z(a) = -3*a**3 - a**2 - a - 2. Let l(u) = -u**3 - u**2 - u. Let v(i) = -2*l(i) + z(i). Let x = -501 + 501. Calculate v(x).
-2
Let d(o) be the third derivative of -o**9/60480 + o**8/3360 + o**7/630 + o**6/720 + 7*o**5/15 - 24*o**2. Let r(y) be the third derivative of d(y). What is r(7)?
8
Let d(t) be the first derivative of -t**6/360 - t**4/24 + 11*t**3/3 + 9. Let g(l) be the third derivative of d(l). Let m = 5 - 3. What is g(m)?
-5
Let x(q) = 18*q + 5. Let h(z) = -7 + 25*z - 57*z + 13*z. Let b(p) = 2*h(p) + 3*x(p). What is b(-1)?
-15
Let s be 63*(-15)/18*2/(-5). Suppose 33 - s = 6*h. Let p(f) be the third derivative of f**5/30 + f**4/6 - f**3/2 - 3*f**2. What is p(h)?
13
Let y(w) = -w - 5. Suppose -o = 2 - 4, -4*o = -b - 8. Let k(g) = 1 + g - g**2 - 8 + 150*g**3 - 151*g**3. Let j be k(b). Give y(j).
2
Let y(u) = u**2 - 3*u + 4. Let k(x) = -13*x + 5 - 16*x - 1 - 3*x**2 + 2*x. Let d be k(-9). What is y(d)?
8
Suppose -6*f + f = 15. Let p(o) = -o**3 - 3*o**2 + o - 3. Let k be p(f). Let w(n) = n**2 + 7*n + 7. Determine w(k).
1
Let m(t) = t**2 - 10*t + 10. Let f be m(9). Let w(a) be the first derivative of -3*a**4 + a**3/3 - 11. Determine w(f).
-11
Let z(b) = 2*b - 10. Let o(j) = -2*j + 13. Let r(x) = -3*o(x) - 4*z(x). Suppose 2*c = h - 12, 3*c + 2*c - h = -27. What is r(c)?
11
Let o(w) be the first derivative of -w**2 - 8*w + 33. Determine o(-5).
2
Let c(h) = 3*h**2 + 6 - 176*h - 5 + 174*h - h**3. What is c(2)?
1
Let c be -1 + -1*1 + 0. Let i(l) = -4*l + 10239*l**3 - 2 - 2*l**2 - 5128*l**3 - 5113*l**3. What is i(c)?
14
Let k(s) = 4*s**2 - 2. Suppose 5*t = -q - 14 - 0, 0 = t - q + 4. Determine k(t).
34
Suppose b = -4*t - 9, 0 = -4*b - 3*t - 37 - 12. Let u be b/(39/(-30)) + -3. Let o(x) = -x + 9. Determine o(u).
2
Let z(i) = -5*i - 41. Let f be z(-8). Let n(p) be the third derivativ